{"id":1809,"date":"2024-09-04T15:42:02","date_gmt":"2024-09-04T15:42:02","guid":{"rendered":"https:\/\/www.isabelroyan.com\/?post_type=novedad&#038;p=1809"},"modified":"2024-09-14T00:31:31","modified_gmt":"2024-09-14T00:31:31","slug":"las-chicas-de-la-estacion-juana-macias-con-bso-de-isabel-royan-se-presentara-en-el-festival-de-san-sebastian","status":"publish","type":"novedad","link":"https:\/\/www.isabelroyan.com\/eng\/novedad\/las-chicas-de-la-estacion-juana-macias-con-bso-de-isabel-royan-se-presentara-en-el-festival-de-san-sebastian\/","title":{"rendered":"\u00abLas chicas de la estaci\u00f3n\u00bb (Juana Mac\u00edas), con BSO de Isabel Roy\u00e1n, en el Festival de San Sebasti\u00e1n"},"content":{"rendered":"","protected":false},"excerpt":{"rendered":"","protected":false},"featured_media":1836,"template":"","meta":{"_acf_changed":false},"class_list":["post-1809","novedad","type-novedad","status-publish","has-post-thumbnail","hentry"],"acf":[],"yoast_head":"<!-- This site is optimized with the Yoast SEO plugin v24.6 - https:\/\/yoast.com\/wordpress\/plugins\/seo\/ -->\n<title>&quot;Las chicas de la estaci\u00f3n&quot; (Juana Mac\u00edas), con BSO de Isabel Roy\u00e1n, en el Festival de San Sebasti\u00e1n - Isabel Roy\u00e1n<\/title>\n<meta name=\"description\" content=\"&quot;Las chicas de la estaci\u00f3n&quot; (Juana Mac\u00edas), con BSO de Isabel Roy\u00e1n, se presentar\u00e1 en el Festival de San Sebasti\u00e1n\" \/>\n<meta name=\"robots\" content=\"index, follow, max-snippet:-1, max-image-preview:large, max-video-preview:-1\" \/>\n<link rel=\"canonical\" href=\"https:\/\/www.isabelroyan.com\/eng\/novedad\/las-chicas-de-la-estacion-juana-macias-con-bso-de-isabel-royan-se-presentara-en-el-festival-de-san-sebastian\/\" \/>\n<meta property=\"og:locale\" content=\"en_GB\" \/>\n<meta property=\"og:type\" content=\"article\" \/>\n<meta property=\"og:title\" content=\"&quot;Las chicas de la estaci\u00f3n&quot; (Juana Mac\u00edas), con BSO de Isabel Roy\u00e1n, en el Festival de San Sebasti\u00e1n - Isabel Roy\u00e1n\" \/>\n<meta property=\"og:description\" content=\"&quot;Las chicas de la estaci\u00f3n&quot; (Juana Mac\u00edas), con BSO de Isabel Roy\u00e1n, se presentar\u00e1 en el Festival de San Sebasti\u00e1n\" \/>\n<meta property=\"og:url\" content=\"https:\/\/www.isabelroyan.com\/eng\/novedad\/las-chicas-de-la-estacion-juana-macias-con-bso-de-isabel-royan-se-presentara-en-el-festival-de-san-sebastian\/\" \/>\n<meta property=\"og:site_name\" content=\"Isabel Roy\u00e1n\" \/>\n<meta property=\"article:modified_time\" content=\"2024-09-14T00:31:31+00:00\" \/>\n<meta property=\"og:image\" content=\"https:\/\/www.isabelroyan.com\/wp-content\/uploads\/2024\/09\/1-FOTO-PRENSA-LCDLE-camion-electricos-Juana-Sasa-Julietta-Maria-c-Anya-Bartels-Suermondt-3-e1726273848326.jpg\" \/>\n\t<meta property=\"og:image:width\" content=\"1400\" \/>\n\t<meta property=\"og:image:height\" content=\"1330\" \/>\n\t<meta property=\"og:image:type\" content=\"image\/jpeg\" \/>\n<meta name=\"twitter:card\" content=\"summary_large_image\" \/>\n<meta name=\"twitter:label1\" content=\"Estimated reading time\" \/>\n\t<meta name=\"twitter:data1\" content=\"1 minute\" \/>\n<script type=\"application\/ld+json\" class=\"yoast-schema-graph\">{\"@context\":\"https:\/\/schema.org\",\"@graph\":[{\"@type\":\"WebPage\",\"@id\":\"https:\/\/www.isabelroyan.com\/novedad\/las-chicas-de-la-estacion-juana-macias-con-bso-de-isabel-royan-se-presentara-en-el-festival-de-san-sebastian\/\",\"url\":\"https:\/\/www.isabelroyan.com\/novedad\/las-chicas-de-la-estacion-juana-macias-con-bso-de-isabel-royan-se-presentara-en-el-festival-de-san-sebastian\/\",\"name\":\"\\\"Las chicas de la estaci\u00f3n\\\" (Juana Mac\u00edas), con BSO de Isabel Roy\u00e1n, en el Festival de San Sebasti\u00e1n - Isabel Roy\u00e1n\",\"isPartOf\":{\"@id\":\"https:\/\/www.isabelroyan.com\/#website\"},\"primaryImageOfPage\":{\"@id\":\"https:\/\/www.isabelroyan.com\/novedad\/las-chicas-de-la-estacion-juana-macias-con-bso-de-isabel-royan-se-presentara-en-el-festival-de-san-sebastian\/#primaryimage\"},\"image\":{\"@id\":\"https:\/\/www.isabelroyan.com\/novedad\/las-chicas-de-la-estacion-juana-macias-con-bso-de-isabel-royan-se-presentara-en-el-festival-de-san-sebastian\/#primaryimage\"},\"thumbnailUrl\":\"https:\/\/www.isabelroyan.com\/wp-content\/uploads\/2024\/09\/1-FOTO-PRENSA-LCDLE-camion-electricos-Juana-Sasa-Julietta-Maria-c-Anya-Bartels-Suermondt-3-e1726273848326.jpg\",\"datePublished\":\"2024-09-04T15:42:02+00:00\",\"dateModified\":\"2024-09-14T00:31:31+00:00\",\"description\":\"\\\"Las chicas de la estaci\u00f3n\\\" (Juana Mac\u00edas), con BSO de Isabel Roy\u00e1n, se presentar\u00e1 en el Festival de San Sebasti\u00e1n\",\"breadcrumb\":{\"@id\":\"https:\/\/www.isabelroyan.com\/novedad\/las-chicas-de-la-estacion-juana-macias-con-bso-de-isabel-royan-se-presentara-en-el-festival-de-san-sebastian\/#breadcrumb\"},\"inLanguage\":\"en-GB\",\"potentialAction\":[{\"@type\":\"ReadAction\",\"target\":[\"https:\/\/www.isabelroyan.com\/novedad\/las-chicas-de-la-estacion-juana-macias-con-bso-de-isabel-royan-se-presentara-en-el-festival-de-san-sebastian\/\"]}]},{\"@type\":\"ImageObject\",\"inLanguage\":\"en-GB\",\"@id\":\"https:\/\/www.isabelroyan.com\/novedad\/las-chicas-de-la-estacion-juana-macias-con-bso-de-isabel-royan-se-presentara-en-el-festival-de-san-sebastian\/#primaryimage\",\"url\":\"https:\/\/www.isabelroyan.com\/wp-content\/uploads\/2024\/09\/1-FOTO-PRENSA-LCDLE-camion-electricos-Juana-Sasa-Julietta-Maria-c-Anya-Bartels-Suermondt-3-e1726273848326.jpg\",\"contentUrl\":\"https:\/\/www.isabelroyan.com\/wp-content\/uploads\/2024\/09\/1-FOTO-PRENSA-LCDLE-camion-electricos-Juana-Sasa-Julietta-Maria-c-Anya-Bartels-Suermondt-3-e1726273848326.jpg\",\"width\":1400,\"height\":1330},{\"@type\":\"BreadcrumbList\",\"@id\":\"https:\/\/www.isabelroyan.com\/novedad\/las-chicas-de-la-estacion-juana-macias-con-bso-de-isabel-royan-se-presentara-en-el-festival-de-san-sebastian\/#breadcrumb\",\"itemListElement\":[{\"@type\":\"ListItem\",\"position\":1,\"name\":\"Portada\",\"item\":\"https:\/\/www.isabelroyan.com\/\"},{\"@type\":\"ListItem\",\"position\":2,\"name\":\"\u00abLas chicas de la estaci\u00f3n\u00bb (Juana Mac\u00edas), con BSO de Isabel Roy\u00e1n, en el Festival de San Sebasti\u00e1n\"}]},{\"@type\":\"WebSite\",\"@id\":\"https:\/\/www.isabelroyan.com\/#website\",\"url\":\"https:\/\/www.isabelroyan.com\/\",\"name\":\"Isabel Roy\u00e1n\",\"description\":\"\",\"potentialAction\":[{\"@type\":\"SearchAction\",\"target\":{\"@type\":\"EntryPoint\",\"urlTemplate\":\"https:\/\/www.isabelroyan.com\/?s={search_term_string}\"},\"query-input\":{\"@type\":\"PropertyValueSpecification\",\"valueRequired\":true,\"valueName\":\"search_term_string\"}}],\"inLanguage\":\"en-GB\"}]}<\/script>\n<!-- \/ Yoast SEO plugin. -->","yoast_head_json":{"title":"\"Las chicas de la estaci\u00f3n\" (Juana Mac\u00edas), con BSO de Isabel Roy\u00e1n, en el Festival de San Sebasti\u00e1n - Isabel Roy\u00e1n","description":"\"Las chicas de la estaci\u00f3n\" (Juana Mac\u00edas), con BSO de Isabel Roy\u00e1n, se presentar\u00e1 en el Festival de San Sebasti\u00e1n","robots":{"index":"index","follow":"follow","max-snippet":"max-snippet:-1","max-image-preview":"max-image-preview:large","max-video-preview":"max-video-preview:-1"},"canonical":"https:\/\/www.isabelroyan.com\/eng\/novedad\/las-chicas-de-la-estacion-juana-macias-con-bso-de-isabel-royan-se-presentara-en-el-festival-de-san-sebastian\/","og_locale":"en_GB","og_type":"article","og_title":"\"Las chicas de la estaci\u00f3n\" (Juana Mac\u00edas), con BSO de Isabel Roy\u00e1n, en el Festival de San Sebasti\u00e1n - Isabel Roy\u00e1n","og_description":"\"Las chicas de la estaci\u00f3n\" (Juana Mac\u00edas), con BSO de Isabel Roy\u00e1n, se presentar\u00e1 en el Festival de San Sebasti\u00e1n","og_url":"https:\/\/www.isabelroyan.com\/eng\/novedad\/las-chicas-de-la-estacion-juana-macias-con-bso-de-isabel-royan-se-presentara-en-el-festival-de-san-sebastian\/","og_site_name":"Isabel Roy\u00e1n","article_modified_time":"2024-09-14T00:31:31+00:00","og_image":[{"width":1400,"height":1330,"url":"https:\/\/www.isabelroyan.com\/wp-content\/uploads\/2024\/09\/1-FOTO-PRENSA-LCDLE-camion-electricos-Juana-Sasa-Julietta-Maria-c-Anya-Bartels-Suermondt-3-e1726273848326.jpg","type":"image\/jpeg"}],"twitter_card":"summary_large_image","twitter_misc":{"Estimated reading time":"1 minute"},"schema":{"@context":"https:\/\/schema.org","@graph":[{"@type":"WebPage","@id":"https:\/\/www.isabelroyan.com\/novedad\/las-chicas-de-la-estacion-juana-macias-con-bso-de-isabel-royan-se-presentara-en-el-festival-de-san-sebastian\/","url":"https:\/\/www.isabelroyan.com\/novedad\/las-chicas-de-la-estacion-juana-macias-con-bso-de-isabel-royan-se-presentara-en-el-festival-de-san-sebastian\/","name":"\"Las chicas de la estaci\u00f3n\" (Juana Mac\u00edas), con BSO de Isabel Roy\u00e1n, en el Festival de San Sebasti\u00e1n - Isabel Roy\u00e1n","isPartOf":{"@id":"https:\/\/www.isabelroyan.com\/#website"},"primaryImageOfPage":{"@id":"https:\/\/www.isabelroyan.com\/novedad\/las-chicas-de-la-estacion-juana-macias-con-bso-de-isabel-royan-se-presentara-en-el-festival-de-san-sebastian\/#primaryimage"},"image":{"@id":"https:\/\/www.isabelroyan.com\/novedad\/las-chicas-de-la-estacion-juana-macias-con-bso-de-isabel-royan-se-presentara-en-el-festival-de-san-sebastian\/#primaryimage"},"thumbnailUrl":"https:\/\/www.isabelroyan.com\/wp-content\/uploads\/2024\/09\/1-FOTO-PRENSA-LCDLE-camion-electricos-Juana-Sasa-Julietta-Maria-c-Anya-Bartels-Suermondt-3-e1726273848326.jpg","datePublished":"2024-09-04T15:42:02+00:00","dateModified":"2024-09-14T00:31:31+00:00","description":"\"Las chicas de la estaci\u00f3n\" (Juana Mac\u00edas), con BSO de Isabel Roy\u00e1n, se presentar\u00e1 en el Festival de San Sebasti\u00e1n","breadcrumb":{"@id":"https:\/\/www.isabelroyan.com\/novedad\/las-chicas-de-la-estacion-juana-macias-con-bso-de-isabel-royan-se-presentara-en-el-festival-de-san-sebastian\/#breadcrumb"},"inLanguage":"en-GB","potentialAction":[{"@type":"ReadAction","target":["https:\/\/www.isabelroyan.com\/novedad\/las-chicas-de-la-estacion-juana-macias-con-bso-de-isabel-royan-se-presentara-en-el-festival-de-san-sebastian\/"]}]},{"@type":"ImageObject","inLanguage":"en-GB","@id":"https:\/\/www.isabelroyan.com\/novedad\/las-chicas-de-la-estacion-juana-macias-con-bso-de-isabel-royan-se-presentara-en-el-festival-de-san-sebastian\/#primaryimage","url":"https:\/\/www.isabelroyan.com\/wp-content\/uploads\/2024\/09\/1-FOTO-PRENSA-LCDLE-camion-electricos-Juana-Sasa-Julietta-Maria-c-Anya-Bartels-Suermondt-3-e1726273848326.jpg","contentUrl":"https:\/\/www.isabelroyan.com\/wp-content\/uploads\/2024\/09\/1-FOTO-PRENSA-LCDLE-camion-electricos-Juana-Sasa-Julietta-Maria-c-Anya-Bartels-Suermondt-3-e1726273848326.jpg","width":1400,"height":1330},{"@type":"BreadcrumbList","@id":"https:\/\/www.isabelroyan.com\/novedad\/las-chicas-de-la-estacion-juana-macias-con-bso-de-isabel-royan-se-presentara-en-el-festival-de-san-sebastian\/#breadcrumb","itemListElement":[{"@type":"ListItem","position":1,"name":"Portada","item":"https:\/\/www.isabelroyan.com\/"},{"@type":"ListItem","position":2,"name":"\u00abLas chicas de la estaci\u00f3n\u00bb (Juana Mac\u00edas), con BSO de Isabel Roy\u00e1n, en el Festival de San Sebasti\u00e1n"}]},{"@type":"WebSite","@id":"https:\/\/www.isabelroyan.com\/#website","url":"https:\/\/www.isabelroyan.com\/","name":"Isabel Roy\u00e1n","description":"","potentialAction":[{"@type":"SearchAction","target":{"@type":"EntryPoint","urlTemplate":"https:\/\/www.isabelroyan.com\/?s={search_term_string}"},"query-input":{"@type":"PropertyValueSpecification","valueRequired":true,"valueName":"search_term_string"}}],"inLanguage":"en-GB"}]}},"_links":{"self":[{"href":"https:\/\/www.isabelroyan.com\/eng\/wp-json\/wp\/v2\/novedad\/1809","targetHints":{"allow":["GET"]}}],"collection":[{"href":"https:\/\/www.isabelroyan.com\/eng\/wp-json\/wp\/v2\/novedad"}],"about":[{"href":"https:\/\/www.isabelroyan.com\/eng\/wp-json\/wp\/v2\/types\/novedad"}],"wp:featuredmedia":[{"embeddable":true,"href":"https:\/\/www.isabelroyan.com\/eng\/wp-json\/wp\/v2\/media\/1836"}],"wp:attachment":[{"href":"https:\/\/www.isabelroyan.com\/eng\/wp-json\/wp\/v2\/media?parent=1809"}],"curies":[{"name":"wp","href":"https:\/\/api.w.org\/{rel}","templated":true}]}}

«Las chicas de la estación» (Juana Macías), con BSO de Isabel Royán, en el Festival de San Sebastián

<!-- This site is optimized with the Yoast SEO plugin v24.6 - https://yoast.com/wordpress/plugins/seo/ -->
<title>&quot;Las chicas de la estación&quot; (Juana Macías), con BSO de Isabel Royán, en el Festival de San Sebastián - Isabel Royán</title>
<meta name="description" content="&quot;Las chicas de la estación&quot; (Juana Macías), con BSO de Isabel Royán, se presentará en el Festival de San Sebastián" />
<meta name="robots" content="index, follow, max-snippet:-1, max-image-preview:large, max-video-preview:-1" />
<link rel="canonical" href="https://www.isabelroyan.com/eng/novedad/las-chicas-de-la-estacion-juana-macias-con-bso-de-isabel-royan-se-presentara-en-el-festival-de-san-sebastian/" />
<meta property="og:locale" content="en_GB" />
<meta property="og:type" content="article" />
<meta property="og:title" content="&quot;Las chicas de la estación&quot; (Juana Macías), con BSO de Isabel Royán, en el Festival de San Sebastián - Isabel Royán" />
<meta property="og:description" content="&quot;Las chicas de la estación&quot; (Juana Macías), con BSO de Isabel Royán, se presentará en el Festival de San Sebastián" />
<meta property="og:url" content="https://www.isabelroyan.com/eng/novedad/las-chicas-de-la-estacion-juana-macias-con-bso-de-isabel-royan-se-presentara-en-el-festival-de-san-sebastian/" />
<meta property="og:site_name" content="Isabel Royán" />
<meta property="article:modified_time" content="2024-09-14T00:31:31+00:00" />
<meta property="og:image" content="https://www.isabelroyan.com/wp-content/uploads/2024/09/1-FOTO-PRENSA-LCDLE-camion-electricos-Juana-Sasa-Julietta-Maria-c-Anya-Bartels-Suermondt-3-e1726273848326.jpg" />
	<meta property="og:image:width" content="1400" />
	<meta property="og:image:height" content="1330" />
	<meta property="og:image:type" content="image/jpeg" />
<meta name="twitter:card" content="summary_large_image" />
<meta name="twitter:label1" content="Estimated reading time" />
	<meta name="twitter:data1" content="1 minute" />
<script type="application/ld+json" class="yoast-schema-graph">{"@context":"https://schema.org","@graph":[{"@type":"WebPage","@id":"https://www.isabelroyan.com/novedad/las-chicas-de-la-estacion-juana-macias-con-bso-de-isabel-royan-se-presentara-en-el-festival-de-san-sebastian/","url":"https://www.isabelroyan.com/novedad/las-chicas-de-la-estacion-juana-macias-con-bso-de-isabel-royan-se-presentara-en-el-festival-de-san-sebastian/","name":"\"Las chicas de la estación\" (Juana Macías), con BSO de Isabel Royán, en el Festival de San Sebastián - Isabel Royán","isPartOf":{"@id":"https://www.isabelroyan.com/#website"},"primaryImageOfPage":{"@id":"https://www.isabelroyan.com/novedad/las-chicas-de-la-estacion-juana-macias-con-bso-de-isabel-royan-se-presentara-en-el-festival-de-san-sebastian/#primaryimage"},"image":{"@id":"https://www.isabelroyan.com/novedad/las-chicas-de-la-estacion-juana-macias-con-bso-de-isabel-royan-se-presentara-en-el-festival-de-san-sebastian/#primaryimage"},"thumbnailUrl":"https://www.isabelroyan.com/wp-content/uploads/2024/09/1-FOTO-PRENSA-LCDLE-camion-electricos-Juana-Sasa-Julietta-Maria-c-Anya-Bartels-Suermondt-3-e1726273848326.jpg","datePublished":"2024-09-04T15:42:02+00:00","dateModified":"2024-09-14T00:31:31+00:00","description":"\"Las chicas de la estación\" (Juana Macías), con BSO de Isabel Royán, se presentará en el Festival de San Sebastián","breadcrumb":{"@id":"https://www.isabelroyan.com/novedad/las-chicas-de-la-estacion-juana-macias-con-bso-de-isabel-royan-se-presentara-en-el-festival-de-san-sebastian/#breadcrumb"},"inLanguage":"en-GB","potentialAction":[{"@type":"ReadAction","target":["https://www.isabelroyan.com/novedad/las-chicas-de-la-estacion-juana-macias-con-bso-de-isabel-royan-se-presentara-en-el-festival-de-san-sebastian/"]}]},{"@type":"ImageObject","inLanguage":"en-GB","@id":"https://www.isabelroyan.com/novedad/las-chicas-de-la-estacion-juana-macias-con-bso-de-isabel-royan-se-presentara-en-el-festival-de-san-sebastian/#primaryimage","url":"https://www.isabelroyan.com/wp-content/uploads/2024/09/1-FOTO-PRENSA-LCDLE-camion-electricos-Juana-Sasa-Julietta-Maria-c-Anya-Bartels-Suermondt-3-e1726273848326.jpg","contentUrl":"https://www.isabelroyan.com/wp-content/uploads/2024/09/1-FOTO-PRENSA-LCDLE-camion-electricos-Juana-Sasa-Julietta-Maria-c-Anya-Bartels-Suermondt-3-e1726273848326.jpg","width":1400,"height":1330},{"@type":"BreadcrumbList","@id":"https://www.isabelroyan.com/novedad/las-chicas-de-la-estacion-juana-macias-con-bso-de-isabel-royan-se-presentara-en-el-festival-de-san-sebastian/#breadcrumb","itemListElement":[{"@type":"ListItem","position":1,"name":"Portada","item":"https://www.isabelroyan.com/"},{"@type":"ListItem","position":2,"name":"«Las chicas de la estación» (Juana Macías), con BSO de Isabel Royán, en el Festival de San Sebastián"}]},{"@type":"WebSite","@id":"https://www.isabelroyan.com/#website","url":"https://www.isabelroyan.com/","name":"Isabel Royán","description":"","potentialAction":[{"@type":"SearchAction","target":{"@type":"EntryPoint","urlTemplate":"https://www.isabelroyan.com/?s={search_term_string}"},"query-input":{"@type":"PropertyValueSpecification","valueRequired":true,"valueName":"search_term_string"}}],"inLanguage":"en-GB"}]}</script>
<!-- / Yoast SEO plugin. -->

"Las chicas de la estación" (Juana Macías), con BSO de Isabel Royán, en el Festival de San Sebastián - Isabel Royán

"Las chicas de la estación" (Juana Macías), con BSO de Isabel Royán, se presentará en el Festival de San Sebastián

Isabel Royán
